{"id":24,"date":"2023-07-31T11:36:48","date_gmt":"2023-07-31T09:36:48","guid":{"rendered":"http:\/\/74.234.24.151\/?page_id=24"},"modified":"2023-11-27T18:45:51","modified_gmt":"2023-11-27T17:45:51","slug":"recursos","status":"publish","type":"page","link":"https:\/\/xn--acladcorua-19a.es\/gl\/recursos\/","title":{"rendered":"Recursos"},"content":{"rendered":"<div class=\"wp-block-cover is-light\"><span aria-hidden=\"true\" class=\"wp-block-cover__background has-background-dim-30 has-background-dim\"><\/span><img decoding=\"async\" class=\"wp-block-cover__image-background wp-image-62\" alt=\"\" src=\"http:\/\/74.234.24.151\/wp-content\/uploads\/2023\/07\/atencion.jpg\" style=\"object-position:78% 62%\" data-object-fit=\"cover\" data-object-position=\"78% 62%\"\/><div class=\"wp-block-cover__inner-container is-layout-flow wp-block-cover-is-layout-flow\">\n<p class=\"has-text-align-center has-intrace-accent-color has-text-color has-large-font-size\">Entre plantar y cosechar, existe un regar y esperar<\/p>\n<\/div><\/div>\n\n\n\n<div class=\"section-wrapper\" data-id=\"s67VRv\"><section class=\"wp-block-gutenverse-section guten-element guten-section guten-s67VRv layout-boxed align-stretch\"><div class=\"guten-background-overlay\"><\/div><div class=\"guten-shape-divider guten-shape-divider-top\"><\/div><div class=\"guten-shape-divider guten-shape-divider-bottom\"><\/div><div class=\"guten-container guten-column-gap-default\">\n<div class=\"wp-block-gutenverse-column guten-element guten-column guten-pYbjeB\"><div class=\"guten-background-overlay\"><\/div><div class=\"sticky-wrapper\" data-id=\"pYbjeB\"><div class=\"guten-column-wrapper\">\n<h2 class=\"wp-block-gutenverse-heading guten-element guten-5vZvMe\">UNIDAD ASISTENCIAL (UAD)<\/h2>\n\n\n\n<div class=\"wp-block-group is-layout-constrained wp-block-group-is-layout-constrained\">\n<p>Una Unidad Asistencial de Drogodependencias es un servicio de salud dedicado al abordaje integral de personas con problemas vinculados al uso de sustancias. Su misi\u00f3n es realizar evaluaciones exhaustivas para comprender las necesidades espec\u00edficas de cada individuo y proporcionar tratamientos m\u00e9dicos, psicol\u00f3gicos y sociales adaptados.&nbsp;&nbsp;<\/p>\n\n\n\n<p>Estas unidades buscan no s\u00f3lo mitigar los efectos inmediatos del consumo, sino tambi\u00e9n abordar las causas subyacentes, promoviendo la rehabilitaci\u00f3n y la recuperaci\u00f3n a largo plazo, facilitando el desarrollo de habilidades para una vida saludable y libre de drogas.&nbsp;<\/p>\n\n\n\n<p>Adem\u00e1s, ofrece programas de prevenci\u00f3n, educaci\u00f3n y, contribuyendo a la gesti\u00f3n global de la salud en el contexto de las drogodependencias. Proporciona servicios de apoyo familiar reconociendo su papel crucial en el proceso de recuperaci\u00f3n.&nbsp;<\/p>\n\n\n\n<p>En ACLAD prestamos los servicios asistenciales incluidos en el Cat\u00e1logo de Programas de la Subdirecci\u00f3n Xeral de Sa\u00fade Mental e Drogodependencias de la Conseller\u00eda de Sanidade de la Xunta de Galicia, responsable de la cartera de servicios y recursos de tratamiento asistencial al drogodependiente.&nbsp;<\/p>\n\n\n\n<p><\/p>\n<\/div>\n<\/div><\/div><\/div>\n\n\n\n<div class=\"wp-block-gutenverse-column guten-element guten-column guten-nA56sV\"><div class=\"guten-background-overlay\"><\/div><div class=\"sticky-wrapper\" data-id=\"nA56sV\"><div class=\"guten-column-wrapper\">\n<h2 class=\"wp-block-gutenverse-heading guten-element guten-CgC4Zw\">UNIDAD DE D\u00cdA (UD)&nbsp;<\/h2>\n\n\n\n<div class=\"wp-block-group is-layout-constrained wp-block-group-is-layout-constrained\">\n<p>Es un dispositivo asistencial en r\u00e9gimen de estancia de d\u00eda, en el que se realizan programas terap\u00e9uticos de intervenci\u00f3n individual y grupal.&nbsp;<\/p>\n\n\n\n<p>Tras realizar una valoraci\u00f3n en el \u00e1mbito psicol\u00f3gico, educativo y social, la programaci\u00f3n y sus objetivos se adaptan a cada paciente. En funci\u00f3n de las necesidades personales, cada usuario podr\u00e1 acudir a una o m\u00e1s actividades\/ talleres en la semana, dirigido a la integraci\u00f3n social y laboral de los individuos en su recuperaci\u00f3n colaborando con otros servicios y recursos comunitarios.&nbsp;<\/p>\n\n\n\n<p>Estos programas se encaminan a capacitar a las personas para adquirir recursos personales y habilidades que potencien su autonom\u00eda y mejoren su vida diaria, en donde la responsabilidad e implicaci\u00f3n activa son fundamentales.&nbsp;&nbsp;<\/p>\n\n\n\n<p>Las actividades incluyen entre otras: habilidades sociales, taller de autoestima, programa de prevenci\u00f3n de reca\u00eddas, inteligencia emocional, crecimiento personal\u2026 con el objetivo de normalizar el d\u00eda a d\u00eda de los usuarios para que puedan incorporarse a la sociedad de forma plena, y atendiendo a todos los \u00e1mbitos: relacional, social, laboral.&nbsp;<\/p>\n\n\n\n<p>Para iniciar el proceso de tratamiento en UDA es preciso acudir de forma voluntaria y estar abstinente.&nbsp;<\/p>\n\n\n\n<p><\/p>\n<\/div>\n<\/div><\/div><\/div>\n\n\n\n<div class=\"wp-block-gutenverse-column guten-element guten-column guten-do7RUy\"><div class=\"guten-background-overlay\"><\/div><div class=\"sticky-wrapper\" data-id=\"do7RUy\"><div class=\"guten-column-wrapper\">\n<h2 class=\"wp-block-gutenverse-heading guten-element guten-3IBBLc\">COMUNIDAD TERAP\u00c9UTICA (CT)&nbsp;<\/h2>\n\n\n\n<div class=\"wp-block-group is-layout-constrained wp-block-group-is-layout-constrained\">\n<p>Nuestra comunidad terap\u00e9utica Julio Portela es un centro sociosanitario profesional dedicado al tratamiento y rehabilitaci\u00f3n de drogodependientes adultos en r\u00e9gimen residencial.&nbsp;<\/p>\n\n\n\n<p>Para ello contamos con un equipo multidisciplinar de profesionales formado por educador@s sociales, monitor@s, psic\u00f3log@s cl\u00ednic@s, m\u00e9dic@s psiquiatras, trabajador@s sociales y enfermer@s, que supervisan a diario todo el proceso de recuperaci\u00f3n de los internos.&nbsp;<\/p>\n\n\n\n<p>En la Comunidad Terap\u00e9utica se aplican procesos de intervenci\u00f3n grupales.&nbsp;<\/p>\n\n\n\n<p>Adem\u00e1s, desarrollamos terapias individuales, acciones educativas y sanitarias y fomentamos actividades deportivas y de inter\u00e9s para el paciente.&nbsp;<\/p>\n\n\n\n<p>Todo esto en un ambiente de aut\u00e9ntica comunidad y convivencia donde los propios residentes se encargan de los cuidados y labores diarias de mantenimiento de las instalaciones del centro.&nbsp;<\/p>\n\n\n\n<p><\/p>\n<\/div>\n<\/div><\/div><\/div>\n<\/div><\/section><\/div>","protected":false},"excerpt":{"rendered":"","protected":false},"author":2,"featured_media":0,"parent":0,"menu_order":0,"comment_status":"closed","ping_status":"closed","template":"","meta":{"iawp_total_views":42,"footnotes":""},"class_list":["post-24","page","type-page","status-publish","hentry"],"_links":{"self":[{"href":"https:\/\/xn--acladcorua-19a.es\/gl\/wp-json\/wp\/v2\/pages\/24"}],"collection":[{"href":"https:\/\/xn--acladcorua-19a.es\/gl\/wp-json\/wp\/v2\/pages"}],"about":[{"href":"https:\/\/xn--acladcorua-19a.es\/gl\/wp-json\/wp\/v2\/types\/page"}],"author":[{"embeddable":true,"href":"https:\/\/xn--acladcorua-19a.es\/gl\/wp-json\/wp\/v2\/users\/2"}],"replies":[{"embeddable":true,"href":"https:\/\/xn--acladcorua-19a.es\/gl\/wp-json\/wp\/v2\/comments?post=24"}],"version-history":[{"count":10,"href":"https:\/\/xn--acladcorua-19a.es\/gl\/wp-json\/wp\/v2\/pages\/24\/revisions"}],"predecessor-version":[{"id":1058,"href":"https:\/\/xn--acladcorua-19a.es\/gl\/wp-json\/wp\/v2\/pages\/24\/revisions\/1058"}],"wp:attachment":[{"href":"https:\/\/xn--acladcorua-19a.es\/gl\/wp-json\/wp\/v2\/media?parent=24"}],"curies":[{"name":"wp","href":"https:\/\/api.w.org\/{rel}","templated":true}]}}

<div class="wp-block-cover is-light"><span aria-hidden="true" class="wp-block-cover__background has-background-dim-30 has-background-dim"></span><img decoding="async" class="wp-block-cover__image-background wp-image-62" alt="" src="http://74.234.24.151/wp-content/uploads/2023/07/atencion.jpg" style="object-position:78% 62%" data-object-fit="cover" data-object-position="78% 62%"/><div class="wp-block-cover__inner-container is-layout-flow wp-block-cover-is-layout-flow">
<p class="has-text-align-center has-intrace-accent-color has-text-color has-large-font-size">Entre plantar y cosechar, existe un regar y esperar</p>
</div></div>



<div class="section-wrapper" data-id="s67VRv"><section class="wp-block-gutenverse-section guten-element guten-section guten-s67VRv layout-boxed align-stretch"><div class="guten-background-overlay"></div><div class="guten-shape-divider guten-shape-divider-top"></div><div class="guten-shape-divider guten-shape-divider-bottom"></div><div class="guten-container guten-column-gap-default">
<div class="wp-block-gutenverse-column guten-element guten-column guten-pYbjeB"><div class="guten-background-overlay"></div><div class="sticky-wrapper" data-id="pYbjeB"><div class="guten-column-wrapper">
<h2 class="wp-block-gutenverse-heading guten-element guten-5vZvMe">UNIDAD ASISTENCIAL (UAD)</h2>



<div class="wp-block-group is-layout-constrained wp-block-group-is-layout-constrained">
<p>Una Unidad Asistencial de Drogodependencias es un servicio de salud dedicado al abordaje integral de personas con problemas vinculados al uso de sustancias. Su misión es realizar evaluaciones exhaustivas para comprender las necesidades específicas de cada individuo y proporcionar tratamientos médicos, psicológicos y sociales adaptados.&nbsp;&nbsp;</p>



<p>Estas unidades buscan no sólo mitigar los efectos inmediatos del consumo, sino también abordar las causas subyacentes, promoviendo la rehabilitación y la recuperación a largo plazo, facilitando el desarrollo de habilidades para una vida saludable y libre de drogas.&nbsp;</p>



<p>Además, ofrece programas de prevención, educación y, contribuyendo a la gestión global de la salud en el contexto de las drogodependencias. Proporciona servicios de apoyo familiar reconociendo su papel crucial en el proceso de recuperación.&nbsp;</p>



<p>En ACLAD prestamos los servicios asistenciales incluidos en el Catálogo de Programas de la Subdirección Xeral de Saúde Mental e Drogodependencias de la Consellería de Sanidade de la Xunta de Galicia, responsable de la cartera de servicios y recursos de tratamiento asistencial al drogodependiente.&nbsp;</p>



<p></p>
</div>
</div></div></div>



<div class="wp-block-gutenverse-column guten-element guten-column guten-nA56sV"><div class="guten-background-overlay"></div><div class="sticky-wrapper" data-id="nA56sV"><div class="guten-column-wrapper">
<h2 class="wp-block-gutenverse-heading guten-element guten-CgC4Zw">UNIDAD DE DÍA (UD)&nbsp;</h2>



<div class="wp-block-group is-layout-constrained wp-block-group-is-layout-constrained">
<p>Es un dispositivo asistencial en régimen de estancia de día, en el que se realizan programas terapéuticos de intervención individual y grupal.&nbsp;</p>



<p>Tras realizar una valoración en el ámbito psicológico, educativo y social, la programación y sus objetivos se adaptan a cada paciente. En función de las necesidades personales, cada usuario podrá acudir a una o más actividades/ talleres en la semana, dirigido a la integración social y laboral de los individuos en su recuperación colaborando con otros servicios y recursos comunitarios.&nbsp;</p>



<p>Estos programas se encaminan a capacitar a las personas para adquirir recursos personales y habilidades que potencien su autonomía y mejoren su vida diaria, en donde la responsabilidad e implicación activa son fundamentales.&nbsp;&nbsp;</p>



<p>Las actividades incluyen entre otras: habilidades sociales, taller de autoestima, programa de prevención de recaídas, inteligencia emocional, crecimiento personal… con el objetivo de normalizar el día a día de los usuarios para que puedan incorporarse a la sociedad de forma plena, y atendiendo a todos los ámbitos: relacional, social, laboral.&nbsp;</p>



<p>Para iniciar el proceso de tratamiento en UDA es preciso acudir de forma voluntaria y estar abstinente.&nbsp;</p>



<p></p>
</div>
</div></div></div>



<div class="wp-block-gutenverse-column guten-element guten-column guten-do7RUy"><div class="guten-background-overlay"></div><div class="sticky-wrapper" data-id="do7RUy"><div class="guten-column-wrapper">
<h2 class="wp-block-gutenverse-heading guten-element guten-3IBBLc">COMUNIDAD TERAPÉUTICA (CT)&nbsp;</h2>



<div class="wp-block-group is-layout-constrained wp-block-group-is-layout-constrained">
<p>Nuestra comunidad terapéutica Julio Portela es un centro sociosanitario profesional dedicado al tratamiento y rehabilitación de drogodependientes adultos en régimen residencial.&nbsp;</p>



<p>Para ello contamos con un equipo multidisciplinar de profesionales formado por educador@s sociales, monitor@s, psicólog@s clínic@s, médic@s psiquiatras, trabajador@s sociales y enfermer@s, que supervisan a diario todo el proceso de recuperación de los internos.&nbsp;</p>



<p>En la Comunidad Terapéutica se aplican procesos de intervención grupales.&nbsp;</p>



<p>Además, desarrollamos terapias individuales, acciones educativas y sanitarias y fomentamos actividades deportivas y de interés para el paciente.&nbsp;</p>



<p>Todo esto en un ambiente de auténtica comunidad y convivencia donde los propios residentes se encargan de los cuidados y labores diarias de mantenimiento de las instalaciones del centro.&nbsp;</p>



<p></p>
</div>
</div></div></div>
</div></section></div>
